{"id":234,"date":"2023-08-15T14:58:52","date_gmt":"2023-08-15T17:58:52","guid":{"rendered":"https:\/\/escolas.salesianasne.com.br\/matriculas\/?post_type=escola&#038;p=234"},"modified":"2026-09-01T15:23:12","modified_gmt":"2026-09-01T18:23:12","slug":"colegio-juvenal","status":"publish","type":"escola","link":"https:\/\/escolas.salesianasne.com.br\/matriculas\/escola\/colegio-juvenal\/","title":{"rendered":"Juvenal de Carvalho"},"excerpt":{"rendered":"<p>Com tradi\u00e7\u00e3o e excel\u00eancia, o Col\u00e9gio Juvenal de Carvalho de Fortaleza combina rigor acad\u00eamico com forma\u00e7\u00e3o integral. Descubra mais e junte-se a n\u00f3s!<\/p>\n","protected":false},"featured_media":235,"template":"","ano":[19,20],"estado":[6],"class_list":["post-234","escola","type-escola","status-publish","has-post-thumbnail","hentry","ano-2025-2026","ano-2026-2027","estado-ceara"],"acf":[],"_links":{"self":[{"href":"https:\/\/escolas.salesianasne.com.br\/matriculas\/wp-json\/wp\/v2\/escola\/234","targetHints":{"allow":["GET"]}}],"collection":[{"href":"https:\/\/escolas.salesianasne.com.br\/matriculas\/wp-json\/wp\/v2\/escola"}],"about":[{"href":"https:\/\/escolas.salesianasne.com.br\/matriculas\/wp-json\/wp\/v2\/types\/escola"}],"wp:featuredmedia":[{"embeddable":true,"href":"https:\/\/escolas.salesianasne.com.br\/matriculas\/wp-json\/wp\/v2\/media\/235"}],"wp:attachment":[{"href":"https:\/\/escolas.salesianasne.com.br\/matriculas\/wp-json\/wp\/v2\/media?parent=234"}],"wp:term":[{"taxonomy":"ano","embeddable":true,"href":"https:\/\/escolas.salesianasne.com.br\/matriculas\/wp-json\/wp\/v2\/ano?post=234"},{"taxonomy":"estado","embeddable":true,"href":"https:\/\/escolas.salesianasne.com.br\/matriculas\/wp-json\/wp\/v2\/estado?post=234"}],"curies":[{"name":"wp","href":"https:\/\/api.w.org\/{rel}","templated":true}]}}

<p>Com tradição e excelência, o Colégio Juvenal de Carvalho de Fortaleza combina rigor acadêmico com formação integral. Descubra mais e junte-se a nós!</p>
